s and g.
5
Let g = -21 + 19. Let s be 24/(-7)*63/g. Calculate the highest common factor of s and 27.
27
Suppose 0*z = 5*x + 2*z - 183, 4*z = -4. Let j = x - 35. Calculate the greatest common divisor of 3 and j.
1
Let f(t) = 16*t + 8. Let a be f(-3). Let b be (-4)/(-10) + (-544)/a. Calculate the highest common factor of b and 21.
7
Let j(d) = -d + 5. Let o be j(3). Suppose -o*t = 6*t - 264. What is the highest common divisor of 22 and t?
11
Let i be 1/4 + (-39)/(-4). Let j = -4925 + 4935. What is the highest common factor of j and i?
10
Let z be -4 + (-27)/1*-1. Calculate the highest common factor of z and 414.
23
Let j(m) = -6*m**3 - m - 1. Let x(o) = -7*o**3 + o**2. Let u(y) = 6*j(y) - 5*x(y). Let t be u(-6). Calculate the highest common divisor of 11 and t.
11
Suppose -f + 5 = u + 57, -5*f = -5*u + 290. Let k = -20 - f. Suppose k - 13 = 2*b. What is the greatest common factor of b and 33?
11
Suppose -k + 6 = 2*k. Suppose 0 = 10*v - k*v - 512. What is the highest common factor of v and 16?
16
Suppose 18*o = 879 + 111. What is the greatest common factor of 1 and o?
1
Let a be -4 - (2 + -2 + 0). Let r be 2/a - 136/(-16). Suppose 4*b + 180 = r*b. Calculate the highest common divisor of b and 18.
9
Suppose -11 = 5*j + 14. Let n(a) = -a**2 - 7*a - 2. Let i be n(j). Let h = i + -5. What is the highest common factor of h and 2?
1
Let b = -4 + 5. Suppose 0 = -0*l - l + b. Let y = 7 + -6. What is the highest common divisor of l and y?
1
Suppose 4*i - 1228 = -1036. Calculate the highest common divisor of 36 and i.
12
Let n be 6/(-1)*8/(-12). Suppose 33*k = 13*k + 60. Suppose 4*o - n*w = -8, k*o - 2*w = 2*w - 11. Calculate the highest common divisor of 6 and o.
3
Suppose 3*x - 26 = -2*t, x - 3*t - 4 = t. What is the greatest common divisor of 10 and x?
2
Suppose 108128 = -858*u + 889*u. What is the greatest common factor of 32 and u?
32
Suppose 0 = -12*u + 492 - 36. Calculate the highest common factor of 38 and u.
38
Let x = 770 + -746. What is the greatest common factor of 8 and x?
8
Let i be 252/(-54)*216/(-14). Suppose c - 17 - 1 = 0. What is the highest common divisor of i and c?
18
Suppose y = -3*s + 61, -2*s - 3*y - 2*y + 45 = 0. Suppose 12*r = s*r - 2664. Calculate the greatest common divisor of r and 37.
37
Let d be 503/(18/48 + (-42)/240). Calculate the highest common divisor of d and 5.
5
Let y(k) = 5*k**3 + k**2 - k + 1014. Let t be y(0). What is the highest common divisor of t and 78?
78
Let k = 606 + -233. Let g = -164 + k. What is the greatest common divisor of g and 19?
19
Let u = -23 - 9. Let m = -8 - -1. Let r be (-3)/m + u/(-7). What is the greatest common divisor of r and 1?
1
Suppose y + 0 = -4*r + 42, -2*y - 4 = 0. Calculate the highest common divisor of 22 and r.
11
Suppose 5*z - 33 = 2*j + 40, -3*z + 48 = 3*j. Let s = -1 + z. Let h be -3*(5 + 2)*-1. Calculate the highest common factor of h and s.
7
Suppose -b - 4*b + 45 = 0. Suppose 2*f + 4*y = 8*y + 42, -126 = -5*f + 3*y. Calculate the greatest common divisor of f and b.
9
Let x be ((-565)/(-452))/(-3 - (-87)/24). Let k be (1 - (0 - -2)) + 5. Suppose 0 = b + k*b - 50. Calculate the greatest common divisor of x and b.
2
Let r(z) be the second derivative of z**4/12 + z**3/6 - 3*z**2/2 + 10*z. Let k be r(-4). Calculate the highest common factor of k and 81.
9
Let v be 1 + (-12412)/(-20) - 4/(-10). Suppose 0 = -p + 6*p + 5, -2*p + v = 4*j. What is the greatest common factor of 12 and j?
12
Let z = -127 + 226. Calculate the highest common divisor of z and 825.
33
Suppose s - 5*s + 632 = o, 5*s - 634 = -o. Let z be (-2)/11 - (o/(-44) + 2). What is the greatest common factor of 4 and z?
4
Let i(f) = f**2 + 16*f + 1. Let r be i(-16). Let d be (74/4 - r)*(-36)/(-45). What is the greatest common factor of d and 7?
7
Let b = 65 - 39. Let j = b - 14. Let q = -113 - -143. Calculate the greatest common divisor of q and j.
6
Let q(s) = -s + 14. Let z be q(2). What is the greatest common divisor of 4 and z?
4
Let j = 15 - 11. Let m = 12 - j. What is the highest common factor of m and 56?
8
Suppose -3*r - 4*a = -2, -8*r - 24 = -10*r + 3*a. What is the greatest common divisor of r and 156?
6
Suppose w + w + 4*r = 46, -w - 4*r + 33 = 0. Suppose -w*n + 8*n + 60 = 0. What is the highest common divisor of 12 and n?
12
Suppose -69 = 9*o - 123. What is the greatest common divisor of 366 and o?
6
Let s(l) = l**2 + 9*l - 9. Let m be s(-10). Let x(d) = -2*d - 28. Let o be x(-19). Suppose 0 = -3*q + o + 11. Calculate the greatest common factor of m and q.
1
Let c be 21 - (16/6)/((-24)/36). Let d = -13 + 27. Let p = d - 4. What is the greatest common divisor of c and p?
5
Suppose 5*i - 150 = -0*i. Let v be 2/(-7) + 142/7. What is the highest common divisor of i and v?
10
Let g be (5 + 1)*(-1)/(-2). Suppose g*h - 4 = 77. Let y be 3/((-9)/3) + 4. What is the highest common divisor of y and h?
3
Let l = -13 + 14. Let p = -21 - l. Let a = p + 33. Calculate the highest common divisor of a and 44.
11
Suppose 0 = -5*m + 2*i + 281, -142*i - 218 = -4*m - 137*i. What is the highest common factor of m and 779?
19
Let s = -79 + 81. Suppose 19 = i - 4*d, 5*i - 5*d - 28 = 22. Suppose -105 = -i*m + s*m. Calculate the greatest common factor of m and 105.
21
Suppose f - 8 = -0*f. Suppose -2*r = -c - f, -5*r + c + c = -19. Suppose -d + 39 = 3*x, -d - x - r*x + 44 = 0. Calculate the highest common factor of 12 and d.
12
Suppose c = 4*d + 1 + 1, -d - 39 = -3*c. Calculate the greatest common factor of 224 and c.
14
Let g = -1088 + 1133. Calculate the highest common divisor of g and 1215.
45
Let p(c) = -7*c + 248. Let a be p(0). Suppose 0 = -3*n + 121 + a. Calculate the highest common divisor of n and 41.
41
Let v(u) = 10*u**2 + 13*u - 61. Let o be v(-5). What is the highest common divisor of o and 341?
31
Let g = -280 + 385. Suppose 0 = -5*t + 2*t + 126. Calculate the greatest common factor of t and g.
21
Let c be (2/(-4))/((-6)/2772). Let y = -70 + c. Suppose -468 = -z - 445. Calculate the highest common factor of y and z.
23
Suppose 2*q = 2*g - 8, -2*g = 3*q + 3*g + 36. Let r(w) = -w**3 - 7*w**2 - 6*w - 3. Let u be r(q). Calculate the highest common divisor of u and 13.
13
Let n(o) = 9 - 6 - 4*o + o. Let x be n(10). Let j = 42 + x. Calculate the highest common factor of j and 45.
15
Let y(w) = -12*w + 9*w + 3*w**2 - 4*w**2 - 21 - 14*w. Let m be y(-15). Let g = 18 - 9. Calculate the highest common factor of g and m.
9
Let j(x) = -x**3 + 7*x**2 + 2*x - 5. Let l be j(7). Let b be (-42)/(-105) - (-358)/5. Calculate the greatest common factor of l and b.
9
Suppose -30*j + 49*j = 266. What is the highest common divisor of 826 and j?
14
Let m = 47 + -43. Let w be 1185/12 - 3/m. Let l(d) = d**2 + 3*d + 4. Let r be l(-5). Calculate the greatest common divisor of w and r.
14
Suppose -5*u = 0, -d = -0*u - u - 25. Calculate the greatest common divisor of d and 20.
5
Let p(o) = -o**3 + 14*o**2 + 4*o - 19. Let l be p(-4). What is the highest common factor of l and 11?
11
Let o be 12/9*45/10. Suppose o*z + 10 = 8*z. Let k be (-3 + 11)/(2/z). Calculate the greatest common factor of k and 30.
10
Suppose 187 = 3*i - 110. Let s be (-3 + (-4 - 10/5))/(-1). What is the greatest common divisor of i and s?
9
Let d be ((-546)/(-52))/((-9)/(-6)). Suppose 2*t - 50 = t + q, 101 = 2*t - 3*q. What is the greatest common factor of d and t?
7
Suppose -77*i = -83*i + 420. Suppose -4*o + 35 = -c, 47 + 3 = 3*o + 4*c. Calculate the highest common factor of i and o.
10
Let h(m) = m**2 - 5*m - 11. Let v = -1 - 18. Let y = 27 + v. Let g be h(y). What is the highest common divisor of 13 and g?
13
Let m = 2676 - 2236. Calculate the greatest common factor of 80 and m.
40
Suppose -5*a + 51 = 11. Let x be ((-3)/(45/(-20)))/(a/18). Calculate the highest common factor of x and 1.
1
Let q(u) = u**3 - 2*u**2 - 7. Let d(h) = -2*h**2 + 3*h - 1. Let k be d(3). Let y = 13 + k. Let s be q(y). Calculate the highest common factor of 22 and s.
2
Let q be (33/1)/3 - (-4 + 1). Calculate the greatest common factor of q and 602.
14
Let p be (-1)/(1/(-2)) + 1. Let g = 9 - 9. Suppose 3*k + 4*t - 173 = -2*k, k - 5*t - 23 = g. What is the greatest common factor of p and k?
3
Suppose 141 - 133 = 8*f. Calculate the highest common divisor of f and 1.
1
Let p be (3 - 2) + (10 - -1). Supp